t is the remainder when d is divided by 12?
9
Suppose 3*s = 5*i + 19, 2*i - 4 = 3*s - 26. Suppose r = -3*r + 56. Calculate the remainder when r is divided by s.
6
Let c(j) = -2*j**2 + 3*j**2 - 6*j**3 - 3 + 2 + 0*j**2. Calculate the remainder when c(-1) is divided by 2.
0
Suppose -300 = -5*y + 6*t - 3*t, 240 = 4*y - 2*t. Calculate the remainder when y is divided by 21.
18
Let m(g) = -g**3 + 4*g**2 - g - 3. Let y be m(3). Suppose -y*o = -7*o + 32. What is the remainder when 29 is divided by o?
5
Let b(t) = -t**3 - 5*t**2 + 2*t - 14. What is the remainder when 39 is divided by b(-6)?
9
Let v(f) = -f**3 + 10*f + 1. What is the remainder when v(-5) is divided by 26?
24
Let s be (-4)/(-14) + 5/7. What is the remainder when (-2 + (-39)/s)/(-1) is divided by 21?
20
Let b(m) = 4*m - 5. Suppose 2*j - 7 = j. What is the remainder when j is divided by b(2)?
1
Let y = -479 - -261. What is the remainder when 6/2*y/(-6) is divided by 28?
25
Let o(a) = a - 3. Let l be o(5). Let z(b) = -3*b**l + 2*b**2 + 25*b**2 + b. Calculate the remainder when z(1) is divided by 13.
12
Suppose -5*t = -q + 8, 2*t + 3 = 3*q - 8. Let v(j) = 15*j - 2. What is the remainder when v(q) is divided by 22?
21
Let y = -47 - -62. What is the remainder when 147 is divided by y?
12
Let a(y) = -1182*y**2 - y. Let j be a(1). What is the remainder when 1/(-4) + j/(-28) is divided by 11?
9
Let m(c) = -c - 2. Let y be m(-7). Let f(o) = -4*o**3 + 5*o**2 + 4*o**3 + o**3 + 2*o + y. What is the remainder when 37 is divided by f(-4)?
11
Let a = -55 + 93. Calculate the remainder when a is divided by 13.
12
Suppose -7*n + 116 = -52. What is the remainder when 42 is divided by n?
18
Suppose 0 = g + 3*g - 488. What is the remainder when g is divided by 21?
17
Let i = -3 - -6. Suppose 0 = -i*h - 2*w + 6*w + 205, -2*h + 136 = -2*w. What is the remainder when h is divided by 23?
21
Let u(h) = 5*h + 6. Suppose -14 = -j - j - 5*y, 0 = 2*y. Calculate the remainder when u(j) is divided by 21.
20
Suppose 2*f - f - 4*g - 5 = 0, -5*f + g + 44 = 0. Calculate the remainder when 16 is divided by f.
7
Suppose 4*c = 3*c + 14. Calculate the remainder when 22 is divided by 2 + -4 + c/1.
10
Let c = 19 + 0. Suppose 21 = 3*a - 0*a. What is the remainder when c is divided by a?
5
Let v be (2 - 2)/(-1*1). Let z(o) = 3*o**3 + 9 + 23 - 2*o**3. What is the remainder when z(v) is divided by 11?
10
Let i = -6 - -14. Suppose 5*m - 66 = -1. What is the remainder when m is divided by -1*1*(1 - i)?
6
Let h(b) = -15*b**3. Calculate the remainder when h(-1) is divided by 8.
7
Let k(d) = -13*d + 7. Let c be k(-6). Let l = 76 - 53. Let w = c - l. What is the remainder when w is divided by 21?
20
Let c(x) = -x + 10. Let i be c(7). Let s = 14 - 6. Suppose -2*a = -r - 1 - s, 0 = -3*r + i. Calculate the remainder when 14 is divided by a.
4
Calculate the remainder when 3/12*38*6 is divided by 15.
12
Let j(s) = s**3 + 5*s**2 + s - 1. What is the remainder when j(-4) is divided by 3/((-1)/(-4)*2)?
5
Let t(i) = 3*i**2 + 3*i - 2. Let s = -4 + 6. Let o(d) = -3*d**3 - 5*d**2 - 5*d - 4. Calculate the remainder when o(-3) is divided by t(s).
15
Let r(h) be the first derivative of h**3/3 - 5*h + 2. Let c be r(5). What is the remainder when 19 is divided by 3/(18/c)*3?
9
Let a = -28 + 50. Let t(r) be the first derivative of 2*r**2 - 4*r + 1. What is the remainder when a is divided by t(4)?
10
Suppose 70 = 2*x - 16. Calculate the remainder when x is divided by 9.
7
Let v(a) be the third derivative of -3*a**2 + 0*a + 0 + 7/6*a**3 + 1/24*a**4. Calculate the remainder when v(6) is divided by 7.
6
Suppose -4*r + 8 = -2*r + 2*c, 4*r - 6 = c. Let s = 7 + -4. Suppose 0 = 3*h - 3*y - 21, 0 = -s*h - y + 1. What is the remainder when h is divided by r?
0
Let o = 10 + -5. Suppose 5*w - 16 = -0*w + 2*v, 0 = o*w - v - 18. What is the remainder when 13 is divided by w?
1
Let n be -3 - (-2 - -17)*-1. Suppose 2*s - 2*b - n = 0, 0 = -s - b + 4*b + 6. Calculate the remainder when s is divided by 4.
2
Suppose 5*x + 0*x = 115. Let a be 140/6 + 4/6. Let m = a - 16. Calculate the remainder when x is divided by m.
7
Suppose -2*k + 6 = -0*k. Suppose 4*v = k*h - 0*h - 28, -3*h = v - 8. What is the remainder when 7 is divided by h?
3
Let h = -24 + 54. Suppose -2*z = -3*z + h. Calculate the remainder when z is divided by 13 - 2 - (-3 - 2).
14
Let f(n) = 5*n - 22. Calculate the remainder when f(9) is divided by 13.
10
Suppose -5*n = i - 394, 3*n + 0*i = -i + 238. Suppose 0 = 3*b + b. Calculate the remainder when n/3 - (1 + b) is divided by 9.
7
Let j(a) = 72*a. Let t be j(1). Suppose -2*h - q + t = 2*h, -3*h = -4*q - 54. Calculate the remainder when h is divided by 5.
3
Calculate the remainder when (-10)/(-25) + (-1239)/(-15) is divided by 29.
25
Let r(h) = -h**3 - 3*h**2 + 3*h - 3. Let l be r(-4). Suppose -l = -v + 5. What is the remainder when 22 is divided by v?
4
Let b = 11 - 3. Let k(g) = 18*g + 8. Let i be k(6). Suppose -5*z - 3*n + i = 0, 2*z - 2*n - 59 = -19. Calculate the remainder when z is divided by b.
6
Let t(n) be the third derivative of n**5/60 - n**4/4 + 2*n**3/3 - 3*n**2. Suppose -1 - 6 = -g. What is the remainder when g is divided by t(6)?
3
Let x = -1 + 6. Suppose -6 = -x*h + 4. What is the remainder when 14 is divided by (-10)/(-4)*4/h?
4
Suppose 26 - 301 = -5*l. Suppose -5*u + 27 = -43. Calculate the remainder when l is divided by u.
13
Let h = 0 - -1. Let r(o) = 29*o - 5. Let q(u) = u - 1. Let i(g) = -6*q(g) + r(g). What is the remainder when i(h) is divided by 13?
11
Let p be (4/12)/((-2)/(-12)). Suppose 0 = -w + f + 59, 212 = 4*w + p*f - 18. Calculate the remainder when w is divided by 15.
13
Let t = 22 + -11. What is the remainder when 41 is divided by t?
8
Suppose -3*c - v + 366 = -2*v, 4*c - 2*v - 486 = 0. What is the remainder when c is divided by 21?
18
Suppose 0*w = -5*w + 50. What is the remainder when 38 is divided by w?
8
Let c(z) = -z**2 + 27. Let b(w) = -w**3 + w**2 - 2*w - 2. Calculate the remainder when c(0) is divided by b(-2).
13
Let y(r) = r**2 - 6*r - 16. Calculate the remainder when 95 is divided by y(10).
23
Let o = 189 - 129. Suppose 0*f = 4*f - o. Suppose 25*w + 232 = 33*w. Calculate the remainder when w is divided by f.
14
Let z = -87 - -161. Let v = 103 - z. Let w(x) = -15*x**3 - x**2 - 2*x - 1. Calculate the remainder when v is divided by w(-1).
14
Let l = 217 - 132. Calculate the remainder when l is divided by 8.
5
Let q(l) = l - 10. Suppose -4 - 11 = -5*u. What is the remainder when q(14) is divided by u?
1
Let w(f) = -f**3 - 4*f**2 - 4*f - 2. Let i be w(-2). What is the remainder when 23 is divided by -4 - i - (-3 - 7)?
7
Let m = -29 - -94. Suppose -2*z + 39 = z + 2*r, -m = -5*z + r. Let w = 0 + 8. What is the remainder when z is divided by w?
5
Calculate the remainder when 90 is divided by 0 + -4 + 0 - -17.
12
Suppose -w = 5*v - 131, -132 = -5*v - 2*w - 0*w. Calculate the remainder when v is divided by 7.
5
What is the remainder when -1 + -1 - (-280)/5 is divided by 19?
16
Let n = -320 + 711. Let u = n + -221. Suppose 5*s - u = x - 4*x, -5*x + 118 = 3*s. Calculate the remainder when s is divided by 11.
9
Let w = -16 + 26. Suppose -7*c = -8*c + w. What is the remainder when 26 is divided by c?
6
Let o(z) = z**3 + 10*z**2 - 18*z - 26. What is the remainder when o(-11) is divided by 15?
6
Suppose 0*t = -5*k + 3*t + 171, -43 = -k + 5*t. Let p(x) = -x**3 + 28*x**2 + 4*x + 17. What is the remainder when p(28) is divided by k?
30
Suppose -4*m - 46 = -2*o, 3*o = 2*m + 37 + 12. What is the remainder when 48 is divided by o?
9
Let g(z) = 10*z**2 + 58*z - 6. What is the remainder when g(-6) is divided by 3?
0
Let f = -136 - -190. Let w = -45 - -64. What is the remainder when f is divided by w?
16
What is the remainder when 58 is divided by (-2 + (-3)/(-2))*-24?
10
Let l(t) = t + 8. Let o be (2 - 18/4)*-2. Suppose -o*c + 3 = -2*c. What is the remainder when l(-6) is divided by c?
0
Suppose 0*c - 54 = -2*c - 4*z, -126 = -4*c - 2*z. Calculate the remainder when c is divided by 19.
14
Let p = -49 + 100. What is the remainder when 151 is divided by p?
49
Suppose -2*p + 120 = 3*p. Calculate the remainder when p is divided by 4.
0
What is the remainder when 49 is divided by 5/(-10) - (-105)/6?
15
Suppose 4*n = -0*n + 52. What is the remainde